{"id":80,"date":"2024-07-23T13:21:37","date_gmt":"2024-07-23T11:21:37","guid":{"rendered":"https:\/\/www.dalmatiner-von-fischingertal.ch\/cms\/?page_id=80"},"modified":"2024-07-30T17:28:43","modified_gmt":"2024-07-30T15:28:43","slug":"zucht-standards","status":"publish","type":"page","link":"https:\/\/www.dalmatiner-von-fischingertal.ch\/cms\/zucht-standards\/","title":{"rendered":"Zucht \/ Standards"},"content":{"rendered":"\t\t<div data-elementor-type=\"wp-page\" data-elementor-id=\"80\" class=\"elementor elementor-80\">\n\t\t\t\t<div class=\"elementor-element elementor-element-81bd38f e-flex e-con-boxed e-con e-parent\" data-id=\"81bd38f\" data-element_type=\"container\" data-e-type=\"container\">\n\t\t\t\t\t<div class=\"e-con-inner\">\n\t\t\t\t<div class=\"elementor-element elementor-element-34ac5c1 elementor-widget elementor-widget-image\" data-id=\"34ac5c1\" data-element_type=\"widget\" data-e-type=\"widget\" data-widget_type=\"image.default\">\n\t\t\t\t<div class=\"elementor-widget-container\">\n\t\t\t\t\t\t\t\t\t\t\t\t\t\t\t<img fetchpriority=\"high\" decoding=\"async\" width=\"960\" height=\"320\" src=\"https:\/\/www.dalmatiner-von-fischingertal.ch\/cms\/wp-content\/uploads\/2024\/07\/8274059-7149843d-5e0c-4ebf-bc1b-903156417de0.jpg\" class=\"attachment-large size-large wp-image-15\" alt=\"\" srcset=\"https:\/\/www.dalmatiner-von-fischingertal.ch\/cms\/wp-content\/uploads\/2024\/07\/8274059-7149843d-5e0c-4ebf-bc1b-903156417de0.jpg 960w, https:\/\/www.dalmatiner-von-fischingertal.ch\/cms\/wp-content\/uploads\/2024\/07\/8274059-7149843d-5e0c-4ebf-bc1b-903156417de0-300x100.jpg 300w, https:\/\/www.dalmatiner-von-fischingertal.ch\/cms\/wp-content\/uploads\/2024\/07\/8274059-7149843d-5e0c-4ebf-bc1b-903156417de0-768x256.jpg 768w\" sizes=\"(max-width: 960px) 100vw, 960px\" \/>\t\t\t\t\t\t\t\t\t\t\t\t\t\t\t<\/div>\n\t\t\t\t<\/div>\n\t\t<div class=\"elementor-element elementor-element-baeaf8e e-con-full e-flex e-con e-child\" data-id=\"baeaf8e\" data-element_type=\"container\" data-e-type=\"container\" data-settings=\"{&quot;background_background&quot;:&quot;classic&quot;}\">\n\t\t\t\t<div class=\"elementor-element elementor-element-c9b4a48 elementor-widget elementor-widget-heading\" data-id=\"c9b4a48\" data-element_type=\"widget\" data-e-type=\"widget\" data-widget_type=\"heading.default\">\n\t\t\t\t<div class=\"elementor-widget-container\">\n\t\t\t\t\t<h2 class=\"elementor-heading-title elementor-size-default\">ZUCHT<\/h2>\t\t\t\t<\/div>\n\t\t\t\t<\/div>\n\t\t\t\t<div class=\"elementor-element elementor-element-cb7d6c6 elementor-widget elementor-widget-text-editor\" data-id=\"cb7d6c6\" data-element_type=\"widget\" data-e-type=\"widget\" data-widget_type=\"text-editor.default\">\n\t\t\t\t<div class=\"elementor-widget-container\">\n\t\t\t\t\t\t\t\t\t<p>Was unsere Welpenk\u00e4ufer wissen sollten<\/p><p>Wir bem\u00fchen uns\u00a0gesunde, wesensfeste und typvolle Dalmatiner\u00a0zu z\u00fcchten und legen gro\u00dfen Wert\u00a0auf eine gute Sozialisierung und artgerechte Kinderstube. N\u00e4heres unter\u00a0<u>Aufzucht und Welpenpr\u00e4gung (siehe unten)<\/u><\/p><p>Unsere Welpen liegen uns sehr am Herzen, deshalb werden sie nur in allerbeste H\u00e4nde abgegeben. Den Welpenk\u00e4ufern muss bewusst sein, dass ein Dalmatiner\u00a0nicht nur viel Bewegung sondern auch Kopfarbeit ben\u00f6tigt. Wir m\u00f6chten unsere Welpenk\u00e4ufer auf jeden Fall pers\u00f6nlich kennen lernen. Idealerweise findet dieses Kennenlernen schon statt, bevor ein Wurf da ist, damit Sie sich rechtzeitig ein Bild von uns als Z\u00fcchter und den Zuchttieren machen k\u00f6nnen.<\/p><p>Wenn der Wurf da ist, d\u00fcrfen Sie ab der 4. Woche zu Besuch\u00a0kommen. Nachdem wir viel Zeit mit den\u00a0Welpen verbringen und ein vollst\u00e4ndiges Bild \u00fcber den Charakter jedes einzelnen haben, werden die Welpen von uns nach dem AEP zugeteilt. Nat\u00fcrlich haben Sie als Welpenk\u00e4ufer auch Mitspracherecht und nur so gelingt es, den richtigen Charakter Hund in die richtigen H\u00e4nde zu bringen.<\/p><p>Die Welpen werden ab der 9. Woche\u00a0mit Ahnentafel, EU-Impfpass und einer\u00a0selbst verfassten Hundefibel sowie weiter Utensilien abgegeben. Bis dahin wurden sie altersentsprechend geimpft, gechipt und entwurmt.\u00a0Die Welpen werden bei uns\u00a0bereits auf den \u201eKomm Pfiff\u201c konditioniert.<\/p>\t\t\t\t\t\t\t\t<\/div>\n\t\t\t\t<\/div>\n\t\t\t\t<div class=\"elementor-element elementor-element-3664ef9 elementor-widget elementor-widget-heading\" data-id=\"3664ef9\" data-element_type=\"widget\" data-e-type=\"widget\" data-widget_type=\"heading.default\">\n\t\t\t\t<div class=\"elementor-widget-container\">\n\t\t\t\t\t<h2 class=\"elementor-heading-title elementor-size-default\">AUFZUCHT UND\nWELPENPR\u00c4GUNG<\/h2>\t\t\t\t<\/div>\n\t\t\t\t<\/div>\n\t\t\t\t<div class=\"elementor-element elementor-element-55d64ba elementor-widget elementor-widget-spacer\" data-id=\"55d64ba\" data-element_type=\"widget\" data-e-type=\"widget\" data-widget_type=\"spacer.default\">\n\t\t\t\t<div class=\"elementor-widget-container\">\n\t\t\t\t\t\t\t<div class=\"elementor-spacer\">\n\t\t\t<div class=\"elementor-spacer-inner\"><\/div>\n\t\t<\/div>\n\t\t\t\t\t\t<\/div>\n\t\t\t\t<\/div>\n\t\t\t\t<div class=\"elementor-element elementor-element-7093ed9 elementor-widget elementor-widget-heading\" data-id=\"7093ed9\" data-element_type=\"widget\" data-e-type=\"widget\" data-widget_type=\"heading.default\">\n\t\t\t\t<div class=\"elementor-widget-container\">\n\t\t\t\t\t<h4 class=\"elementor-heading-title elementor-size-default\">Aufzucht in Haus und Garten \/ Sozialisierung auf Menschen<\/h4>\t\t\t\t<\/div>\n\t\t\t\t<\/div>\n\t\t\t\t<div class=\"elementor-element elementor-element-51d5ef8 elementor-widget elementor-widget-text-editor\" data-id=\"51d5ef8\" data-element_type=\"widget\" data-e-type=\"widget\" data-widget_type=\"text-editor.default\">\n\t\t\t\t<div class=\"elementor-widget-container\">\n\t\t\t\t\t\t\t\t\t<p>Unsere Welpen werden bewusst im Haus aufgezogen und dort nicht in einer Abstellkammer, sondern im Wintergarten\/Wohnzimmer mit direktem Zugang zum Aussenbereich. Nachdem unsere Welpen nicht im Zwinger oder \u201eWelpenhaus\u201c aufwachsen, haben sie zum Menschen von\u00a0Anfang an eine enge Bindung und nehmen den Alltag und deren Ger\u00e4usche t\u00e4glich wahr. Wir bekommen Besuch von vielen verschiedenen Menschen, vom Kind bis zum Senior und Besch\u00e4ftigen uns jede freie Minute mit den Welpen.<\/p>\t\t\t\t\t\t\t\t<\/div>\n\t\t\t\t<\/div>\n\t\t\t\t<div class=\"elementor-element elementor-element-2a69761 elementor-widget elementor-widget-heading\" data-id=\"2a69761\" data-element_type=\"widget\" data-e-type=\"widget\" data-widget_type=\"heading.default\">\n\t\t\t\t<div class=\"elementor-widget-container\">\n\t\t\t\t\t<h4 class=\"elementor-heading-title elementor-size-default\">Abenteuerspielplatz<\/h4>\t\t\t\t<\/div>\n\t\t\t\t<\/div>\n\t\t\t\t<div class=\"elementor-element elementor-element-3feabef elementor-widget elementor-widget-text-editor\" data-id=\"3feabef\" data-element_type=\"widget\" data-e-type=\"widget\" data-widget_type=\"text-editor.default\">\n\t\t\t\t<div class=\"elementor-widget-container\">\n\t\t\t\t\t\t\t\t\t<p>Der Welpengarten soll verschiedenartige Anspr\u00fcche abdecken. Verschiedene Bodenbeschaffenheiten wie Wiese, Stein, schr\u00e4ge und ebene Fl\u00e4chen, Gitter und Holzuntergr\u00fcnde sind gegeben. Es wird verschiedenes Spielzeug angeboten, sowie ein Tunnel, Zelt, Wasserbecken und B\u00e4llebad. An dem Flattervorhang werden Dosen und Plastikflaschen geh\u00e4ngt um auch die Ger\u00e4uschkulisse zu gestalten. Eine halb gef\u00fcllte Luftmatratze soll dem Hund die Sicherheit geben, sich auch auf extrem schwankendem Boden suver\u00e4n fortzubewegen.<\/p>\t\t\t\t\t\t\t\t<\/div>\n\t\t\t\t<\/div>\n\t\t\t\t<div class=\"elementor-element elementor-element-3f98eb0 elementor-widget elementor-widget-heading\" data-id=\"3f98eb0\" data-element_type=\"widget\" data-e-type=\"widget\" data-widget_type=\"heading.default\">\n\t\t\t\t<div class=\"elementor-widget-container\">\n\t\t\t\t\t<h4 class=\"elementor-heading-title elementor-size-default\">Erkundungsverhalten<\/h4>\t\t\t\t<\/div>\n\t\t\t\t<\/div>\n\t\t\t\t<div class=\"elementor-element elementor-element-6bed4e4 elementor-widget elementor-widget-text-editor\" data-id=\"6bed4e4\" data-element_type=\"widget\" data-e-type=\"widget\" data-widget_type=\"text-editor.default\">\n\t\t\t\t<div class=\"elementor-widget-container\">\n\t\t\t\t\t\t\t\t\t<p>Die Neugier ist eine wesentliche Antriebsfeder in der Welpenentwicklung. Um diese Neugier zu f\u00f6rdern und zu nutzen, erweitern wir systematisch den Aktionsradius der Welpen und konfrontieren sie somit st\u00e4ndig mit neuen Eindr\u00fccken. Ab der 5. Woche unternehmen wir t\u00e4glich Ausfl\u00fcge mit dem Auto. So k\u00f6nnen die Kleinen verschiedenen Pl\u00e4tzen, au\u00dferhalb der Wohung und des Welpengartens erkunden. Sie k\u00f6nnen durch den Wald streifen, kleine B\u00e4che durchwaten und durch hohes Gras laufen.<\/p>\t\t\t\t\t\t\t\t<\/div>\n\t\t\t\t<\/div>\n\t\t\t\t<div class=\"elementor-element elementor-element-9238ead elementor-widget elementor-widget-heading\" data-id=\"9238ead\" data-element_type=\"widget\" data-e-type=\"widget\" data-widget_type=\"heading.default\">\n\t\t\t\t<div class=\"elementor-widget-container\">\n\t\t\t\t\t<h4 class=\"elementor-heading-title elementor-size-default\">Ern\u00e4hrung<\/h4>\t\t\t\t<\/div>\n\t\t\t\t<\/div>\n\t\t\t\t<div class=\"elementor-element elementor-element-6c7765e elementor-widget elementor-widget-text-editor\" data-id=\"6c7765e\" data-element_type=\"widget\" data-e-type=\"widget\" data-widget_type=\"text-editor.default\">\n\t\t\t\t<div class=\"elementor-widget-container\">\n\t\t\t\t\t\t\t\t\t<p>Die Ern\u00e4hrung ist zweifelsohne einer der wichtigsten Standpunkte der Gesundheit. Deshalb ern\u00e4hren wir unsere\u00a0Welpen mit hochwertigem Rohfleischfutter (<span style=\"color: #ff0000;\"><a style=\"color: #ff0000;\" href=\"http:\/\/www.primafu.swiss\" target=\"_blank\" rel=\"noopener\" data-cke-saved-href=\"https:\/\/dalmatiner-von-fischingertal.ch\/hundefutter.shtml\"><strong>PRIMAFU<\/strong><\/a><\/span>). Wir gehen auf die <strong>\u201e<a href=\"https:\/\/dalmatiner-von-fischingertal.ch\/hundefutter.shtml\" data-cke-saved-href=\"https:\/\/dalmatiner-von-fischingertal.ch\/hundefutter.shtml\"><span style=\"color: #3366ff;\">Orale Toleranz<\/span><\/a>\u201c<\/strong> ein und versuchen somit sicher zu stellen, dass die\u00a0Welpen keine Futtermittelallergien durch falsche F\u00fctterung (= einfach nur Trockenfutter) entwickeln.<\/p>\t\t\t\t\t\t\t\t<\/div>\n\t\t\t\t<\/div>\n\t\t\t\t<div class=\"elementor-element elementor-element-ff1f0b3 elementor-widget elementor-widget-spacer\" data-id=\"ff1f0b3\" data-element_type=\"widget\" data-e-type=\"widget\" data-widget_type=\"spacer.default\">\n\t\t\t\t<div class=\"elementor-widget-container\">\n\t\t\t\t\t\t\t<div class=\"elementor-spacer\">\n\t\t\t<div class=\"elementor-spacer-inner\"><\/div>\n\t\t<\/div>\n\t\t\t\t\t\t<\/div>\n\t\t\t\t<\/div>\n\t\t\t\t<\/div>\n\t\t\t\t\t<\/div>\n\t\t\t\t<\/div>\n\t\t\t\t<\/div>\n\t\t","protected":false},"excerpt":{"rendered":"<p>ZUCHT Was unsere Welpenk\u00e4ufer wissen sollten Wir bem\u00fchen uns\u00a0gesunde, wesensfeste und typvolle Dalmatiner\u00a0zu z\u00fcchten und legen gro\u00dfen Wert\u00a0auf eine gute Sozialisierung und artgerechte Kinderstube. N\u00e4heres unter\u00a0Aufzucht und Welpenpr\u00e4gung (siehe unten) Unsere Welpen liegen uns sehr am Herzen, deshalb werden sie nur in allerbeste H\u00e4nde abgegeben. Den Welpenk\u00e4ufern muss bewusst sein, dass ein Dalmatiner\u00a0nicht nur viel&hellip;&nbsp;<\/p>\n","protected":false},"author":1,"featured_media":0,"parent":0,"menu_order":0,"comment_status":"closed","ping_status":"closed","template":"page-templates\/template-pagebuilder-full-width.php","meta":{"neve_meta_sidebar":"","neve_meta_container":"","neve_meta_enable_content_width":"","neve_meta_content_width":0,"neve_meta_title_alignment":"","neve_meta_author_avatar":"","neve_post_elements_order":"","neve_meta_disable_header":"","neve_meta_disable_footer":"","neve_meta_disable_title":"","footnotes":""},"class_list":["post-80","page","type-page","status-publish","hentry"],"_links":{"self":[{"href":"https:\/\/www.dalmatiner-von-fischingertal.ch\/cms\/wp-json\/wp\/v2\/pages\/80","targetHints":{"allow":["GET"]}}],"collection":[{"href":"https:\/\/www.dalmatiner-von-fischingertal.ch\/cms\/wp-json\/wp\/v2\/pages"}],"about":[{"href":"https:\/\/www.dalmatiner-von-fischingertal.ch\/cms\/wp-json\/wp\/v2\/types\/page"}],"author":[{"embeddable":true,"href":"https:\/\/www.dalmatiner-von-fischingertal.ch\/cms\/wp-json\/wp\/v2\/users\/1"}],"replies":[{"embeddable":true,"href":"https:\/\/www.dalmatiner-von-fischingertal.ch\/cms\/wp-json\/wp\/v2\/comments?post=80"}],"version-history":[{"count":7,"href":"https:\/\/www.dalmatiner-von-fischingertal.ch\/cms\/wp-json\/wp\/v2\/pages\/80\/revisions"}],"predecessor-version":[{"id":879,"href":"https:\/\/www.dalmatiner-von-fischingertal.ch\/cms\/wp-json\/wp\/v2\/pages\/80\/revisions\/879"}],"wp:attachment":[{"href":"https:\/\/www.dalmatiner-von-fischingertal.ch\/cms\/wp-json\/wp\/v2\/media?parent=80"}],"curies":[{"name":"wp","href":"https:\/\/api.w.org\/{rel}","templated":true}]}}