{"id":40,"date":"2024-07-23T08:34:53","date_gmt":"2024-07-23T06:34:53","guid":{"rendered":"https:\/\/www.dalmatiner-von-fischingertal.ch\/cms\/?page_id=40"},"modified":"2026-01-13T11:31:43","modified_gmt":"2026-01-13T10:31:43","slug":"dalmatiner-und-barf","status":"publish","type":"page","link":"https:\/\/www.dalmatiner-von-fischingertal.ch\/cms\/dalmatiner-und-barf\/","title":{"rendered":"Dalmatiner und Frischfleischf\u00fctterung"},"content":{"rendered":"\t\t<div data-elementor-type=\"wp-page\" data-elementor-id=\"40\" class=\"elementor elementor-40\">\n\t\t\t\t<div class=\"elementor-element elementor-element-eb05b5e e-flex e-con-boxed e-con e-parent\" data-id=\"eb05b5e\" data-element_type=\"container\" data-e-type=\"container\">\n\t\t\t\t\t<div class=\"e-con-inner\">\n\t\t\t\t<div class=\"elementor-element elementor-element-6fb7b7e elementor-widget elementor-widget-image\" data-id=\"6fb7b7e\" data-element_type=\"widget\" data-e-type=\"widget\" data-widget_type=\"image.default\">\n\t\t\t\t<div class=\"elementor-widget-container\">\n\t\t\t\t\t\t\t\t\t\t\t\t\t\t\t<img fetchpriority=\"high\" decoding=\"async\" width=\"960\" height=\"320\" src=\"https:\/\/www.dalmatiner-von-fischingertal.ch\/cms\/wp-content\/uploads\/2024\/07\/8274059-7149843d-5e0c-4ebf-bc1b-903156417de0.jpg\" class=\"attachment-large size-large wp-image-15\" alt=\"\" srcset=\"https:\/\/www.dalmatiner-von-fischingertal.ch\/cms\/wp-content\/uploads\/2024\/07\/8274059-7149843d-5e0c-4ebf-bc1b-903156417de0.jpg 960w, https:\/\/www.dalmatiner-von-fischingertal.ch\/cms\/wp-content\/uploads\/2024\/07\/8274059-7149843d-5e0c-4ebf-bc1b-903156417de0-300x100.jpg 300w, https:\/\/www.dalmatiner-von-fischingertal.ch\/cms\/wp-content\/uploads\/2024\/07\/8274059-7149843d-5e0c-4ebf-bc1b-903156417de0-768x256.jpg 768w\" sizes=\"(max-width: 960px) 100vw, 960px\" \/>\t\t\t\t\t\t\t\t\t\t\t\t\t\t\t<\/div>\n\t\t\t\t<\/div>\n\t\t\t\t<div class=\"elementor-element elementor-element-e5c2956 elementor-widget elementor-widget-spacer\" data-id=\"e5c2956\" data-element_type=\"widget\" data-e-type=\"widget\" data-widget_type=\"spacer.default\">\n\t\t\t\t<div class=\"elementor-widget-container\">\n\t\t\t\t\t\t\t<div class=\"elementor-spacer\">\n\t\t\t<div class=\"elementor-spacer-inner\"><\/div>\n\t\t<\/div>\n\t\t\t\t\t\t<\/div>\n\t\t\t\t<\/div>\n\t\t\t\t<div class=\"elementor-element elementor-element-121482a elementor-widget elementor-widget-heading\" data-id=\"121482a\" data-element_type=\"widget\" data-e-type=\"widget\" data-widget_type=\"heading.default\">\n\t\t\t\t<div class=\"elementor-widget-container\">\n\t\t\t\t\t<h2 class=\"elementor-heading-title elementor-size-default\">DALMATINER und Frischfleischf\u00fctterung<\/h2>\t\t\t\t<\/div>\n\t\t\t\t<\/div>\n\t\t\t\t<div class=\"elementor-element elementor-element-dee0ef7 elementor-widget elementor-widget-text-editor\" data-id=\"dee0ef7\" data-element_type=\"widget\" data-e-type=\"widget\" data-widget_type=\"text-editor.default\">\n\t\t\t\t<div class=\"elementor-widget-container\">\n\t\t\t\t\t\t\t\t\t<div><p>Dalmatiner sehen nicht nur ganz speziell aus mit ihrer auff\u00e4lligen Farbzeichnung. Lange waren Dalmatiner hippe Modehunde und sehr oft wurde sich gar nicht damit auseinandergesetzt, welche Besonderheiten Dalmatiner rassebedingt mit sich bringen.<\/p><p>Denn der besondere Stoffwechsel der Dalmatiner macht sie neben ihrem \u00c4u\u00dferen zu ganz besonderen Hunden.<\/p><p>Im Gegensatz zu anderen Hunderassen scheiden Dalmatiner den \u00fcbersch\u00fcssigen Stickstoff aus dem Futter gro\u00dfenteils als Harns\u00e4ure aus. Diese Harns\u00e4ure ist schwerer l\u00f6slich und kann deshalb als Salz in der Blase auskristallisieren. Die Folge kann im schlimmsten Fall eine Steinbildung in den Harnwegen sein.<\/p><p>Wenn man einen Dalmatiner in sein Leben holt, muss man sich wohl oder \u00fcbel mit dieser Problematik auseinandersetzen und lernen, wie man damit umgeht. Man kann durch eine richtig angepasste Ern\u00e4hrung das Risiko f\u00fcr die Steinbildung drastisch senken.<\/p><\/div><div><strong><em>Man muss die F\u00fctterung aber anpassen und einiges beachten!<\/em><\/strong><\/div>\t\t\t\t\t\t\t\t<\/div>\n\t\t\t\t<\/div>\n\t\t\t\t<div class=\"elementor-element elementor-element-b747f26 elementor-widget elementor-widget-heading\" data-id=\"b747f26\" data-element_type=\"widget\" data-e-type=\"widget\" data-widget_type=\"heading.default\">\n\t\t\t\t<div class=\"elementor-widget-container\">\n\t\t\t\t\t<h2 class=\"elementor-heading-title elementor-size-default\">Was ist bei Dalmatiner anders?<\/h2>\t\t\t\t<\/div>\n\t\t\t\t<\/div>\n\t\t\t\t<div class=\"elementor-element elementor-element-e7ca889 elementor-widget elementor-widget-text-editor\" data-id=\"e7ca889\" data-element_type=\"widget\" data-e-type=\"widget\" data-widget_type=\"text-editor.default\">\n\t\t\t\t<div class=\"elementor-widget-container\">\n\t\t\t\t\t\t\t\t\t<p>Die allermeisten Dalmatiner haben eine besonderen Stoffwechsel, der die Purin Verarbeitung st\u00f6rt. Purine sind Substanzen, die vor allem in bestimmten Futtermitteln in h\u00f6herer Konzentration vorkommen (vor allem Innereien und andere tierische Nebenprodukte), aber vom K\u00f6rper auch selbst gebildet werden, denn sie sind wichtiger Zellbestandteil (z.B. der DNA).<\/p><p>Da Frischf\u00fctterung naturgem\u00e4ss Rohfleisch basiert ist und und nat\u00fcrlich auch Innereien enth\u00e4lt, ist diese Form der Ern\u00e4hrung nicht gerade Purin arm. F\u00fcr gesunde Hunde ist das vollkommen unproblematisch. \u00dcbersch\u00fcssige Purine werden durch Enzyme gespalten, so dass \u00fcber das Zwischenprodukt Harns\u00e4ure letztendlich das im Urin gut l\u00f6sliche Allantoin entsteht.<\/p><p>Beim Dalmatiner sorgt aber ein genetischer Defekt daf\u00fcr, dass die Umwandlung von Harns\u00e4ure in Allantoin nicht funktioniert. Die Folge ist, dass betroffene Tiere im Vergleich zu den meisten anderen Hunderassen vermehrt Harns\u00e4ure mit dem Urin ausscheiden. Normalerweise enth\u00e4lt der Urin von Hunden zwischen 15 und 40 mg\/dl Harns\u00e4ure, beim Dalmatiner sind es aber zwischen 300 und 800 mg\/dl. Harns\u00e4ure ist nicht so gut l\u00f6slich wie Allantoin, weswegen die betroffenen Tiere verst\u00e4rkt zu einer Harnsteinbildung neigen. Denn die Harns\u00e4ure setzt sich in der Blase ab und die Bildung von Urat Steinen beg\u00fcnstigen. Diese k\u00f6nnen die Harnwege verstopfen und zu enormen Problemen f\u00fchren. Die Erkrankung nennt sich Hyperurikosurie.<\/p>\t\t\t\t\t\t\t\t<\/div>\n\t\t\t\t<\/div>\n\t\t\t\t<div class=\"elementor-element elementor-element-92ac16c elementor-widget elementor-widget-heading\" data-id=\"92ac16c\" data-element_type=\"widget\" data-e-type=\"widget\" data-widget_type=\"heading.default\">\n\t\t\t\t<div class=\"elementor-widget-container\">\n\t\t\t\t\t<h2 class=\"elementor-heading-title elementor-size-default\">Was muss bei der F\u00fctterung beachtet werden?<\/h2>\t\t\t\t<\/div>\n\t\t\t\t<\/div>\n\t\t\t\t<div class=\"elementor-element elementor-element-6a18ad6 elementor-widget elementor-widget-text-editor\" data-id=\"6a18ad6\" data-element_type=\"widget\" data-e-type=\"widget\" data-widget_type=\"text-editor.default\">\n\t\t\t\t<div class=\"elementor-widget-container\">\n\t\t\t\t\t\t\t\t\t<div>Da die Purin Zufuhr bei betroffenen Tieren entscheidend ist, sollte man dies bei der Futterplanerstellung ber\u00fccksichtigen. Hier sollte aber vor dem Hintergrund, dass <span style=\"color: #ff0000;\"><em><strong>nur 20% der Dalmatiner \u00fcberhaupt Harnsteine <\/strong><\/em><\/span>entwickelt, schrittweise vorgegangen werden. F\u00fcr Dalmatiner gilt:<\/div><div>\u00a0<\/div><div>\u00a0 \u00a0 \u00a0 \u00a01. Man sollte vorsichtshalber einen Purin reduzierten Frischf\u00fctterungs-Plan erstellen. Das bedeutet nicht, dass in jedem Fall<\/div><div>\u00a0 \u00a0 \u00a0 \u00a0 \u00a0 \u00a0streng Purin arm gef\u00fcttert werden muss, aber Purin reiche Komponenten, die gleichzeitig &#171;verzichtbar&#187; sind,<\/div><div>\u00a0 \u00a0 \u00a0 \u00a0 \u00a0 \u00a0sollten gemieden werden.<\/div>\t\t\t\t\t\t\t\t<\/div>\n\t\t\t\t<\/div>\n\t\t\t\t<div class=\"elementor-element elementor-element-a42fc00 elementor-widget elementor-widget-heading\" data-id=\"a42fc00\" data-element_type=\"widget\" data-e-type=\"widget\" data-widget_type=\"heading.default\">\n\t\t\t\t<div class=\"elementor-widget-container\">\n\t\t\t\t\t<h2 class=\"elementor-heading-title elementor-size-default\">Vorbeugende F\u00fctterung<\/h2>\t\t\t\t<\/div>\n\t\t\t\t<\/div>\n\t\t\t\t<div class=\"elementor-element elementor-element-f0c2c0f elementor-widget elementor-widget-text-editor\" data-id=\"f0c2c0f\" data-element_type=\"widget\" data-e-type=\"widget\" data-widget_type=\"text-editor.default\">\n\t\t\t\t<div class=\"elementor-widget-container\">\n\t\t\t\t\t\t\t\t\t<p><em><strong><span style=\"color: #ff0000;\">Da nur 20% der Dalmatiner letztlich Harnsteine entwickeln<\/span>, <\/strong><\/em>sollte man nicht grunds\u00e4tzlich streng angepasst f\u00fcttern. Aber man w\u00fcrde alle Komponenten meiden, die verzichtbar sind und nur &#171;sinnlos&#187; Purin beisteuern.<\/p>\t\t\t\t\t\t\t\t<\/div>\n\t\t\t\t<\/div>\n\t\t\t\t<div class=\"elementor-element elementor-element-46ffacc elementor-widget elementor-widget-shortcode\" data-id=\"46ffacc\" data-element_type=\"widget\" data-e-type=\"widget\" data-widget_type=\"shortcode.default\">\n\t\t\t\t<div class=\"elementor-widget-container\">\n\t\t\t\t\t\t\t<div class=\"elementor-shortcode\"><div class=\"wptb-container-legacy\" data-table-id=\"45\">\n    <table class=\"wptb-preview-table wptb-element-main-table_setting-45\" style=\"border: 1px solid rgb(209, 209, 209);\" data-reconstraction=\"1\" data-wptb-table-tds-sum-max-width=\"1063\" data-wptb-horizontal-scroll-status=\"false\" data-wptb-extra-styles=\"LyogRW50ZXIgeW91ciBjdXN0b20gQ1NTIHJ1bGVzIGhlcmUgKi8=\" role=\"table\" data-table-columns=\"2\"><tbody><tr class=\"wptb-row\"><td class=\"wptb-cell\" style=\"border: 1px solid rgb(209, 209, 209); height: 15px; width: 500px;\" data-x-index=\"0\" data-y-index=\"0\"><div class=\"wptb-text-container wptb-ph-element wptb-element-text-598\" style=\"color: rgb(0, 0, 0); font-size: 15px;\"><div class=\"\" style=\"position: relative;\" data-lt-tmp-id=\"lt-95691\" data-gramm=\"false\"><p><em><strong>Purin reich und gleichzeitig verzichtbar<\/strong><\/em><\/p><\/div><\/div><\/td><td class=\"wptb-cell\" data-y-index=\"0\" data-x-index=\"1\" style=\"border: 1px solid rgb(209, 209, 209); height: 15px; width: 500px;\"><div class=\"wptb-text-container wptb-ph-element wptb-element-text-597\" style=\"color: rgb(0, 0, 0); font-size: 15px;\"><div class=\"\" style=\"position: relative;\" data-lt-tmp-id=\"lt-516561\" data-gramm=\"false\"><p><em><strong>Alternative&nbsp;(Ersetzen durch)<\/strong><\/em><\/p><\/div><\/div><\/td><\/tr><tr class=\"wptb-row\" style=\"--hover-bg-color: undefined;\"><td class=\"wptb-cell\" style=\"border: 1px solid rgb(209, 209, 209); width: 500px;\" data-x-index=\"0\" data-y-index=\"1\"><div class=\"wptb-text-container wptb-ph-element wptb-element-text-599\" style=\"color: rgb(0, 0, 0); font-size: 15px;\"><div class=\"\" style=\"position: relative;\" data-lt-tmp-id=\"lt-217252\" data-gramm=\"false\"><p>Pansen und B\u00e4ttermagen<\/p><\/div><\/div><\/td><td class=\"wptb-cell\" style=\"border: 1px solid rgb(209, 209, 209); width: 360px;\" data-x-index=\"1\" data-y-index=\"1\"><div class=\"wptb-text-container wptb-ph-element wptb-element-text-600\" style=\"color: rgb(0, 0, 0); font-size: 15px;\"><div class=\"\" data-lt-tmp-id=\"lt-140744\" data-gramm=\"false\"><p>Hochwertiges Muskelfleisch (20-25% Fett)<\/p><\/div><\/div><\/td><\/tr><tr class=\"wptb-row\" style=\"--hover-bg-color: undefined;\"><td class=\"wptb-cell\" style=\"border: 1px solid rgb(209, 209, 209); width: 500px;\" data-x-index=\"0\" data-y-index=\"2\"><div class=\"wptb-text-container wptb-ph-element wptb-element-text-601\" style=\"color: rgb(0, 0, 0); font-size: 15px;\"><div class=\"\" style=\"position: relative;\" data-lt-tmp-id=\"lt-818213\" data-gramm=\"false\"><p>Innereien wie Herz, Lunge oder Gehirn<\/p><\/div><\/div><\/td><td class=\"wptb-cell\" style=\"border: 1px solid rgb(209, 209, 209); width: 360px;\" data-x-index=\"1\" data-y-index=\"2\"><div class=\"wptb-text-container wptb-ph-element wptb-element-text-602\" style=\"color: rgb(0, 0, 0); font-size: 15px;\"><div class=\"\" style=\"position: relative;\" data-lt-tmp-id=\"lt-35837\" data-gramm=\"false\"><p>So wenig wie m\u00f6glich<\/p><\/div><\/div><\/td><\/tr><tr class=\"wptb-row\" style=\"--hover-bg-color: undefined;\"><td class=\"wptb-cell\" style=\"border: 1px solid rgb(209, 209, 209); width: 500px;\" data-x-index=\"0\" data-y-index=\"3\"><div class=\"wptb-text-container wptb-ph-element wptb-element-text-603\" style=\"color: rgb(0, 0, 0); font-size: 15px;\"><div class=\"\" style=\"position: relative;\" data-lt-tmp-id=\"lt-671954\" data-gramm=\"false\"><p>Bindegewebsreiche Komponeneten<\/p><\/div><\/div><\/td><td class=\"wptb-cell\" style=\"border: 1px solid rgb(209, 209, 209); width: 360px;\" data-x-index=\"1\" data-y-index=\"3\"><div class=\"wptb-text-container wptb-ph-element wptb-element-text-604\" style=\"color: rgb(0, 0, 0); font-size: 15px;\"><div class=\"\" style=\"position: relative;\" data-lt-tmp-id=\"lt-846067\" data-gramm=\"false\"><p>Hochwertiges Muskelfleisch (20-25% Fett)<\/p><\/div><\/div><\/td><\/tr><tr class=\"wptb-row\" style=\"--hover-bg-color: undefined;\"><td class=\"wptb-cell\" style=\"border: 1px solid rgb(209, 209, 209); width: 500px;\" data-x-index=\"0\" data-y-index=\"4\"><div class=\"wptb-text-container wptb-ph-element wptb-element-text-605\" style=\"color: rgb(0, 0, 0); font-size: 15px;\"><div class=\"\" style=\"position: relative;\" data-lt-tmp-id=\"lt-62099\" data-gramm=\"false\"><p>Haut <\/p><\/div><\/div><\/td><td class=\"wptb-cell\" style=\"border: 1px solid rgb(209, 209, 209); width: 360px;\" data-x-index=\"1\" data-y-index=\"4\"><div class=\"wptb-text-container wptb-ph-element wptb-element-text-606\" style=\"color: rgb(0, 0, 0); font-size: 15px;\"><div class=\"\" style=\"position: relative;\" data-lt-tmp-id=\"lt-720580\" data-gramm=\"false\"><p>Haut entfernen<\/p><\/div><\/div><\/td><\/tr><tr class=\"wptb-row\" style=\"--hover-bg-color: undefined;\"><td class=\"wptb-cell\" style=\"border: 1px solid rgb(209, 209, 209); width: 500px;\" data-x-index=\"0\" data-y-index=\"5\"><div class=\"wptb-text-container wptb-ph-element wptb-element-text-607\" style=\"color: rgb(0, 0, 0); font-size: 15px;\"><div class=\"\" style=\"position: relative;\" data-lt-tmp-id=\"lt-176765\" data-gramm=\"false\"><p>Trockenkauartikel (z.B. Schweineohren, Ochsenziemer)<\/p><\/div><\/div><\/td><td class=\"wptb-cell\" style=\"border: 1px solid rgb(209, 209, 209); width: 360px;\" data-x-index=\"1\" data-y-index=\"5\"><div class=\"wptb-text-container wptb-ph-element wptb-element-text-608\" style=\"color: rgb(0, 0, 0); font-size: 15px;\"><div class=\"\" style=\"position: relative;\" data-lt-tmp-id=\"lt-132922\" data-gramm=\"false\"><p>Ersatzlos streichen oder mit Futter gef\u00fcllten Kong geben<\/p><\/div><\/div><\/td><\/tr><tr class=\"wptb-row\" style=\"--hover-bg-color: undefined;\"><td class=\"wptb-cell\" style=\"border: 1px solid rgb(209, 209, 209); width: 500px;\" data-x-index=\"0\" data-y-index=\"6\"><div class=\"wptb-text-container wptb-ph-element wptb-element-text-609\" style=\"color: rgb(0, 0, 0); font-size: 15px;\"><div class=\"\" style=\"position: relative;\" data-lt-tmp-id=\"lt-15322\" data-gramm=\"false\"><p>Fisch<\/p><\/div><\/div><\/td><td class=\"wptb-cell\" style=\"border: 1px solid rgb(209, 209, 209); width: 360px;\" data-x-index=\"1\" data-y-index=\"6\"><div class=\"wptb-text-container wptb-ph-element wptb-element-text-610\" style=\"color: rgb(0, 0, 0); font-size: 15px;\"><div class=\"\" data-lt-tmp-id=\"lt-668802\" data-gramm=\"false\"><p>Generell Fisch vermeiden<\/p><\/div><\/div><\/td><\/tr><tr class=\"wptb-row\" style=\"--hover-bg-color: undefined;\"><td class=\"wptb-cell\" style=\"border: 1px solid rgb(209, 209, 209); width: 500px;\" data-x-index=\"0\" data-y-index=\"7\"><div class=\"wptb-text-container wptb-ph-element wptb-element-text-611\" style=\"color: rgb(0, 0, 0); font-size: 15px;\"><div class=\"\" style=\"position: relative;\" data-lt-tmp-id=\"lt-351200\" data-gramm=\"false\"><p>Bierhefe oder andere Hefe<\/p><\/div><\/div><\/td><td class=\"wptb-cell\" style=\"border: 1px solid rgb(209, 209, 209); width: 360px;\" data-x-index=\"1\" data-y-index=\"7\"><div class=\"wptb-text-container wptb-ph-element wptb-element-text-612\" style=\"color: rgb(0, 0, 0); font-size: 15px;\"><div class=\"\" style=\"position: relative;\" data-lt-tmp-id=\"lt-490748\" data-gramm=\"false\"><p>Ersatzlos streichen<\/p><\/div><\/div><\/td><\/tr><tr class=\"wptb-row\" style=\"--hover-bg-color: undefined;\"><td class=\"wptb-cell\" style=\"border: 1px solid rgb(209, 209, 209); width: 500px;\" data-x-index=\"0\" data-y-index=\"8\"><div class=\"wptb-text-container wptb-ph-element wptb-element-text-613\" style=\"color: rgb(0, 0, 0); font-size: 15px;\"><div class=\"\" style=\"position: relative;\" data-lt-tmp-id=\"lt-952387\" data-gramm=\"false\"><p>Knochen mit besonders viel Knochenmark wie R\u00f6hrenknochen<\/p><\/div><\/div><\/td><td class=\"wptb-cell\" style=\"border: 1px solid rgb(209, 209, 209); width: 360px;\" data-x-index=\"1\" data-y-index=\"8\"><div class=\"wptb-text-container wptb-ph-element wptb-element-text-614\" style=\"color: rgb(0, 0, 0); font-size: 15px;\"><div class=\"\" style=\"position: relative;\" data-lt-tmp-id=\"lt-924201\" data-gramm=\"false\"><p>H\u00e4lse, R\u00fccken, Rippen, Sandknochen geben<\/p><\/div><\/div><\/td><\/tr><tr class=\"wptb-row\" style=\"--hover-bg-color: undefined;\"><td class=\"wptb-cell\" style=\"border: 1px solid rgb(209, 209, 209); width: 500px;\" data-x-index=\"0\" data-y-index=\"9\"><div class=\"wptb-text-container wptb-ph-element wptb-element-text-615\" style=\"color: rgb(0, 0, 0); font-size: 15px;\"><div class=\"\" style=\"position: relative;\" data-lt-tmp-id=\"lt-954686\" data-gramm=\"false\"><p>Sojaprodukte<\/p><\/div><\/div><\/td><td class=\"wptb-cell\" style=\"border: 1px solid rgb(209, 209, 209); width: 360px;\" data-x-index=\"1\" data-y-index=\"9\"><div class=\"wptb-text-container wptb-ph-element wptb-element-text-616\" style=\"color: rgb(0, 0, 0); font-size: 15px;\"><div class=\"\" style=\"position: relative;\" data-lt-tmp-id=\"lt-770470\" data-gramm=\"false\"><p>Ersatzlos streichen<\/p><\/div><\/div><\/td><\/tr><tr class=\"wptb-row\" style=\"--hover-bg-color: undefined;\"><td class=\"wptb-cell\" style=\"border: 1px solid rgb(209, 209, 209); width: 500px;\" data-x-index=\"0\" data-y-index=\"10\"><div class=\"wptb-text-container wptb-ph-element wptb-element-text-617\" style=\"color: rgb(0, 0, 0); font-size: 15px;\"><div class=\"\" style=\"position: relative;\" data-lt-tmp-id=\"lt-664076\" data-gramm=\"false\"><p>Schweinefleisch<\/p><\/div><\/div><\/td><td class=\"wptb-cell\" style=\"border: 1px solid rgb(209, 209, 209); width: 360px;\" data-x-index=\"1\" data-y-index=\"10\"><div class=\"wptb-text-container wptb-ph-element wptb-element-text-618\" style=\"color: rgb(0, 0, 0); font-size: 15px;\"><div class=\"\" style=\"position: relative;\" data-lt-tmp-id=\"lt-495045\" data-gramm=\"false\"><p>Ersatzlos streichen<\/p><\/div><\/div><\/td><\/tr><\/tbody><\/table>\n<\/div>\n<\/div>\n\t\t\t\t\t\t<\/div>\n\t\t\t\t<\/div>\n\t\t\t\t<div class=\"elementor-element elementor-element-c282c05 elementor-widget elementor-widget-text-editor\" data-id=\"c282c05\" data-element_type=\"widget\" data-e-type=\"widget\" data-widget_type=\"text-editor.default\">\n\t\t\t\t<div class=\"elementor-widget-container\">\n\t\t\t\t\t\t\t\t\t<p>Purin reich, aber gleichzeitig n\u00e4hrstoffreich sind z.B. Innereien wie Leber, Niere und Milz. Die sollte man im Rahmen der vorbeugenden F\u00fctterung noch nicht streichen, weil sie bei BARF f\u00fcr die N\u00e4hrstoffabdeckung verantwortlich sind.<\/p>\t\t\t\t\t\t\t\t<\/div>\n\t\t\t\t<\/div>\n\t\t\t\t<div class=\"elementor-element elementor-element-7483ea4 elementor-widget elementor-widget-text-editor\" data-id=\"7483ea4\" data-element_type=\"widget\" data-e-type=\"widget\" data-widget_type=\"text-editor.default\">\n\t\t\t\t<div class=\"elementor-widget-container\">\n\t\t\t\t\t\t\t\t\t<p>Ausserdem sollte man darauf achten, dass der Proteingehalt der Ration nicht zu hoch ist. Die einfachste Variante ist, den Fettgehalt anzuheben und nicht die \u00fcblichen 15% Fett im Muskelfleisch zu f\u00fcttern, sondern 20 oder 25 % (bei Welpen 15% belassen). Dies f\u00fchrt dazu, dass der Kaloriengehalt der Ration ansteigt und man insgesamt weniger f\u00fcttern muss. Damit f\u00fchrt man automatisch auch weniger Protein und gleichzeitig weniger Purin zu.<\/p>\t\t\t\t\t\t\t\t<\/div>\n\t\t\t\t<\/div>\n\t\t\t\t<div class=\"elementor-element elementor-element-61fb422 elementor-widget elementor-widget-heading\" data-id=\"61fb422\" data-element_type=\"widget\" data-e-type=\"widget\" data-widget_type=\"heading.default\">\n\t\t\t\t<div class=\"elementor-widget-container\">\n\t\t\t\t\t<h2 class=\"elementor-heading-title elementor-size-default\">Demzufolge ist die einfachste Variante PRIMAFU zu f\u00fcttern,\n<br>\n<br>\nda PRIMAFU genau den Anforderungen \n<br>\nvon Dalmatinern entspricht.<\/h2>\t\t\t\t<\/div>\n\t\t\t\t<\/div>\n\t\t\t\t<div class=\"elementor-element elementor-element-f041e53 elementor-widget elementor-widget-image\" data-id=\"f041e53\" data-element_type=\"widget\" data-e-type=\"widget\" data-widget_type=\"image.default\">\n\t\t\t\t<div class=\"elementor-widget-container\">\n\t\t\t\t\t\t\t\t\t\t\t\t\t\t\t<img decoding=\"async\" width=\"453\" height=\"115\" src=\"https:\/\/www.dalmatiner-von-fischingertal.ch\/cms\/wp-content\/uploads\/2024\/07\/9846851-Primafu-8f14e.jpg\" class=\"attachment-large size-large wp-image-18\" alt=\"\" srcset=\"https:\/\/www.dalmatiner-von-fischingertal.ch\/cms\/wp-content\/uploads\/2024\/07\/9846851-Primafu-8f14e.jpg 453w, https:\/\/www.dalmatiner-von-fischingertal.ch\/cms\/wp-content\/uploads\/2024\/07\/9846851-Primafu-8f14e-300x76.jpg 300w\" sizes=\"(max-width: 453px) 100vw, 453px\" \/>\t\t\t\t\t\t\t\t\t\t\t\t\t\t\t<\/div>\n\t\t\t\t<\/div>\n\t\t\t\t<div class=\"elementor-element elementor-element-88889b2 elementor-widget elementor-widget-spacer\" data-id=\"88889b2\" data-element_type=\"widget\" data-e-type=\"widget\" data-widget_type=\"spacer.default\">\n\t\t\t\t<div class=\"elementor-widget-container\">\n\t\t\t\t\t\t\t<div class=\"elementor-spacer\">\n\t\t\t<div class=\"elementor-spacer-inner\"><\/div>\n\t\t<\/div>\n\t\t\t\t\t\t<\/div>\n\t\t\t\t<\/div>\n\t\t\t\t\t<\/div>\n\t\t\t\t<\/div>\n\t\t\t\t<\/div>\n\t\t","protected":false},"excerpt":{"rendered":"<p>DALMATINER und Frischfleischf\u00fctterung Dalmatiner sehen nicht nur ganz speziell aus mit ihrer auff\u00e4lligen Farbzeichnung. Lange waren Dalmatiner hippe Modehunde und sehr oft wurde sich gar nicht damit auseinandergesetzt, welche Besonderheiten Dalmatiner rassebedingt mit sich bringen. Denn der besondere Stoffwechsel der Dalmatiner macht sie neben ihrem \u00c4u\u00dferen zu ganz besonderen Hunden. Im Gegensatz zu anderen Hunderassen&hellip;&nbsp;<\/p>\n","protected":false},"author":1,"featured_media":0,"parent":0,"menu_order":0,"comment_status":"closed","ping_status":"closed","template":"page-templates\/template-pagebuilder-full-width.php","meta":{"neve_meta_sidebar":"","neve_meta_container":"","neve_meta_enable_content_width":"","neve_meta_content_width":0,"neve_meta_title_alignment":"","neve_meta_author_avatar":"","neve_post_elements_order":"","neve_meta_disable_header":"","neve_meta_disable_footer":"","neve_meta_disable_title":"","footnotes":""},"class_list":["post-40","page","type-page","status-publish","hentry"],"_links":{"self":[{"href":"https:\/\/www.dalmatiner-von-fischingertal.ch\/cms\/wp-json\/wp\/v2\/pages\/40","targetHints":{"allow":["GET"]}}],"collection":[{"href":"https:\/\/www.dalmatiner-von-fischingertal.ch\/cms\/wp-json\/wp\/v2\/pages"}],"about":[{"href":"https:\/\/www.dalmatiner-von-fischingertal.ch\/cms\/wp-json\/wp\/v2\/types\/page"}],"author":[{"embeddable":true,"href":"https:\/\/www.dalmatiner-von-fischingertal.ch\/cms\/wp-json\/wp\/v2\/users\/1"}],"replies":[{"embeddable":true,"href":"https:\/\/www.dalmatiner-von-fischingertal.ch\/cms\/wp-json\/wp\/v2\/comments?post=40"}],"version-history":[{"count":14,"href":"https:\/\/www.dalmatiner-von-fischingertal.ch\/cms\/wp-json\/wp\/v2\/pages\/40\/revisions"}],"predecessor-version":[{"id":1728,"href":"https:\/\/www.dalmatiner-von-fischingertal.ch\/cms\/wp-json\/wp\/v2\/pages\/40\/revisions\/1728"}],"wp:attachment":[{"href":"https:\/\/www.dalmatiner-von-fischingertal.ch\/cms\/wp-json\/wp\/v2\/media?parent=40"}],"curies":[{"name":"wp","href":"https:\/\/api.w.org\/{rel}","templated":true}]}}