{"id":111,"date":"2024-07-25T13:16:39","date_gmt":"2024-07-25T11:16:39","guid":{"rendered":"https:\/\/www.dalmatiner-von-fischingertal.ch\/cms\/?page_id=111"},"modified":"2024-07-25T13:17:56","modified_gmt":"2024-07-25T11:17:56","slug":"t-wurf","status":"publish","type":"page","link":"https:\/\/www.dalmatiner-von-fischingertal.ch\/cms\/t-wurf\/","title":{"rendered":"T-Wurf"},"content":{"rendered":"\t\t<div data-elementor-type=\"wp-page\" data-elementor-id=\"111\" class=\"elementor elementor-111\">\n\t\t\t\t<div class=\"elementor-element elementor-element-7dd9511 e-flex e-con-boxed e-con e-parent\" data-id=\"7dd9511\" data-element_type=\"container\" data-e-type=\"container\">\n\t\t\t\t\t<div class=\"e-con-inner\">\n\t\t\t\t<div class=\"elementor-element elementor-element-b4bdcd1 elementor-widget elementor-widget-image\" data-id=\"b4bdcd1\" data-element_type=\"widget\" data-e-type=\"widget\" data-widget_type=\"image.default\">\n\t\t\t\t<div class=\"elementor-widget-container\">\n\t\t\t\t\t\t\t\t\t\t\t\t\t\t\t<img fetchpriority=\"high\" decoding=\"async\" width=\"960\" height=\"320\" src=\"https:\/\/www.dalmatiner-von-fischingertal.ch\/cms\/wp-content\/uploads\/2024\/07\/8274059-7149843d-5e0c-4ebf-bc1b-903156417de0.jpg\" class=\"attachment-large size-large wp-image-15\" alt=\"\" srcset=\"https:\/\/www.dalmatiner-von-fischingertal.ch\/cms\/wp-content\/uploads\/2024\/07\/8274059-7149843d-5e0c-4ebf-bc1b-903156417de0.jpg 960w, https:\/\/www.dalmatiner-von-fischingertal.ch\/cms\/wp-content\/uploads\/2024\/07\/8274059-7149843d-5e0c-4ebf-bc1b-903156417de0-300x100.jpg 300w, https:\/\/www.dalmatiner-von-fischingertal.ch\/cms\/wp-content\/uploads\/2024\/07\/8274059-7149843d-5e0c-4ebf-bc1b-903156417de0-768x256.jpg 768w\" sizes=\"(max-width: 960px) 100vw, 960px\" \/>\t\t\t\t\t\t\t\t\t\t\t\t\t\t\t<\/div>\n\t\t\t\t<\/div>\n\t\t\t\t<div class=\"elementor-element elementor-element-0e8e3f1 elementor-widget elementor-widget-spacer\" data-id=\"0e8e3f1\" data-element_type=\"widget\" data-e-type=\"widget\" data-widget_type=\"spacer.default\">\n\t\t\t\t<div class=\"elementor-widget-container\">\n\t\t\t\t\t\t\t<div class=\"elementor-spacer\">\n\t\t\t<div class=\"elementor-spacer-inner\"><\/div>\n\t\t<\/div>\n\t\t\t\t\t\t<\/div>\n\t\t\t\t<\/div>\n\t\t\t\t<div class=\"elementor-element elementor-element-4d0587c elementor-widget elementor-widget-text-editor\" data-id=\"4d0587c\" data-element_type=\"widget\" data-e-type=\"widget\" data-widget_type=\"text-editor.default\">\n\t\t\t\t<div class=\"elementor-widget-container\">\n\t\t\t\t\t\t\t\t\t<div class=\"freetextarea\"><div><div>Unsere Hunde werden selbstverst\u00e4ndlich in der Wohnung gehalten.<\/div><div>\u00a0<\/div><div>F\u00fcr die Welpenaufzucht haben wir eine Wurfbox. Wichtig ist auch eine gute Heizung da die Welpen am Anfang ihres Erdendaseins viel W\u00e4rme brauchen.<\/div><div>\u00a0<\/div><div>Mit ca. 4-5 Wochen k\u00f6nnen sich die Kleinen im Aussenauslauf mit Zugang zum Innenraum aufhalten\u00a0und sp\u00e4ter steht ihnen zus\u00e4tzlich ein Auslauf im Freien zur Verf\u00fcgung.\u00a0<\/div><div>\u00a0<\/div><div>Wichtig ist hier, dass die Welpen verschiedene B\u00f6den, wie Kies, Gras, Erde, Holz, Gitterrost, Tunnel etc. kennenlernen.<\/div><div>Mit einem abwechslungsreichen Spielzeugpark werden die Welpen an die verschiedenen Umwelteinfl\u00fcsse gew\u00f6hnt. Zu einer guten Pr\u00e4gung geh\u00f6rt zudem der Kontakt mit Kindern (nur unter Aufsicht) und verschiedene L\u00e4rmemissionen wie Staubsauger, Glocken etc.<\/div><div>\u00a0<\/div><div>Die Welpen werden regelm\u00e4ssig entwurmt und bei der ersten Impfung von einem Tierarzt auf ev. M\u00e4ngel \u00fcberpr\u00fcft. Vor der Abgabe wird jeder Welpe mit einem Chip unter der Haut gekenntzeichnet.\u00a0<\/div><div>\u00a0<\/div><div>Wir empfehlen jedem interessierten Welpenk\u00e4ufer sich verschiedene Zuchst\u00e4tte anzusehen und sich genau \u00fcber die Rasse und den\/die Z\u00fcchter\u00a0zu informieren. Denn eine gute Welpenaufzucht garantiert eine gute Pr\u00e4gung des Junghundes und ist sehr wichtig f\u00fcr die sp\u00e4tere &#171;Hundelaufbahn&#187;! Es lohnt sich bestimmt!<\/div><\/div><\/div><div class=\"notranslate\" style=\"all: initial;\">\u00a0<\/div>\t\t\t\t\t\t\t\t<\/div>\n\t\t\t\t<\/div>\n\t\t\t\t<div class=\"elementor-element elementor-element-a1ccb09 elementor-widget elementor-widget-spacer\" data-id=\"a1ccb09\" data-element_type=\"widget\" data-e-type=\"widget\" data-widget_type=\"spacer.default\">\n\t\t\t\t<div class=\"elementor-widget-container\">\n\t\t\t\t\t\t\t<div class=\"elementor-spacer\">\n\t\t\t<div class=\"elementor-spacer-inner\"><\/div>\n\t\t<\/div>\n\t\t\t\t\t\t<\/div>\n\t\t\t\t<\/div>\n\t\t\t\t\t<\/div>\n\t\t\t\t<\/div>\n\t\t\t\t<\/div>\n\t\t","protected":false},"excerpt":{"rendered":"<p>Unsere Hunde werden selbstverst\u00e4ndlich in der Wohnung gehalten.\u00a0F\u00fcr die Welpenaufzucht haben wir eine Wurfbox. Wichtig ist auch eine gute Heizung da die Welpen am Anfang ihres Erdendaseins viel W\u00e4rme brauchen.\u00a0Mit ca. 4-5 Wochen k\u00f6nnen sich die Kleinen im Aussenauslauf mit Zugang zum Innenraum aufhalten\u00a0und sp\u00e4ter steht ihnen zus\u00e4tzlich ein Auslauf im Freien zur Verf\u00fcgung.\u00a0\u00a0Wichtig ist&hellip;&nbsp;<\/p>\n","protected":false},"author":1,"featured_media":0,"parent":0,"menu_order":0,"comment_status":"closed","ping_status":"closed","template":"page-templates\/template-pagebuilder-full-width.php","meta":{"neve_meta_sidebar":"","neve_meta_container":"","neve_meta_enable_content_width":"","neve_meta_content_width":0,"neve_meta_title_alignment":"","neve_meta_author_avatar":"","neve_post_elements_order":"","neve_meta_disable_header":"","neve_meta_disable_footer":"","neve_meta_disable_title":"","footnotes":""},"class_list":["post-111","page","type-page","status-publish","hentry"],"_links":{"self":[{"href":"https:\/\/www.dalmatiner-von-fischingertal.ch\/cms\/wp-json\/wp\/v2\/pages\/111","targetHints":{"allow":["GET"]}}],"collection":[{"href":"https:\/\/www.dalmatiner-von-fischingertal.ch\/cms\/wp-json\/wp\/v2\/pages"}],"about":[{"href":"https:\/\/www.dalmatiner-von-fischingertal.ch\/cms\/wp-json\/wp\/v2\/types\/page"}],"author":[{"embeddable":true,"href":"https:\/\/www.dalmatiner-von-fischingertal.ch\/cms\/wp-json\/wp\/v2\/users\/1"}],"replies":[{"embeddable":true,"href":"https:\/\/www.dalmatiner-von-fischingertal.ch\/cms\/wp-json\/wp\/v2\/comments?post=111"}],"version-history":[{"count":4,"href":"https:\/\/www.dalmatiner-von-fischingertal.ch\/cms\/wp-json\/wp\/v2\/pages\/111\/revisions"}],"predecessor-version":[{"id":115,"href":"https:\/\/www.dalmatiner-von-fischingertal.ch\/cms\/wp-json\/wp\/v2\/pages\/111\/revisions\/115"}],"wp:attachment":[{"href":"https:\/\/www.dalmatiner-von-fischingertal.ch\/cms\/wp-json\/wp\/v2\/media?parent=111"}],"curies":[{"name":"wp","href":"https:\/\/api.w.org\/{rel}","templated":true}]}}