{"id":10,"date":"2024-07-22T16:50:38","date_gmt":"2024-07-22T14:50:38","guid":{"rendered":"https:\/\/www.dalmatiner-von-fischingertal.ch\/cms\/?page_id=10"},"modified":"2026-03-23T16:23:07","modified_gmt":"2026-03-23T15:23:07","slug":"home","status":"publish","type":"page","link":"https:\/\/www.dalmatiner-von-fischingertal.ch\/cms\/","title":{"rendered":"Home"},"content":{"rendered":"\t\t<div data-elementor-type=\"wp-page\" data-elementor-id=\"10\" class=\"elementor elementor-10\">\n\t\t\t\t<div class=\"elementor-element elementor-element-ec9584e e-flex e-con-boxed e-con e-parent\" data-id=\"ec9584e\" data-element_type=\"container\" data-e-type=\"container\">\n\t\t\t\t\t<div class=\"e-con-inner\">\n\t\t\t\t<div class=\"elementor-element elementor-element-534c743 elementor-widget elementor-widget-image\" data-id=\"534c743\" data-element_type=\"widget\" data-e-type=\"widget\" data-widget_type=\"image.default\">\n\t\t\t\t<div class=\"elementor-widget-container\">\n\t\t\t\t\t\t\t\t\t\t\t\t\t\t\t<img fetchpriority=\"high\" decoding=\"async\" width=\"960\" height=\"320\" src=\"https:\/\/www.dalmatiner-von-fischingertal.ch\/cms\/wp-content\/uploads\/2024\/07\/8274059-7149843d-5e0c-4ebf-bc1b-903156417de0.jpg\" class=\"attachment-large size-large wp-image-15\" alt=\"\" srcset=\"https:\/\/www.dalmatiner-von-fischingertal.ch\/cms\/wp-content\/uploads\/2024\/07\/8274059-7149843d-5e0c-4ebf-bc1b-903156417de0.jpg 960w, https:\/\/www.dalmatiner-von-fischingertal.ch\/cms\/wp-content\/uploads\/2024\/07\/8274059-7149843d-5e0c-4ebf-bc1b-903156417de0-300x100.jpg 300w, https:\/\/www.dalmatiner-von-fischingertal.ch\/cms\/wp-content\/uploads\/2024\/07\/8274059-7149843d-5e0c-4ebf-bc1b-903156417de0-768x256.jpg 768w\" sizes=\"(max-width: 960px) 100vw, 960px\" \/>\t\t\t\t\t\t\t\t\t\t\t\t\t\t\t<\/div>\n\t\t\t\t<\/div>\n\t\t\t\t<div class=\"elementor-element elementor-element-e83ce50 elementor-widget elementor-widget-spacer\" data-id=\"e83ce50\" data-element_type=\"widget\" data-e-type=\"widget\" data-widget_type=\"spacer.default\">\n\t\t\t\t<div class=\"elementor-widget-container\">\n\t\t\t\t\t\t\t<div class=\"elementor-spacer\">\n\t\t\t<div class=\"elementor-spacer-inner\"><\/div>\n\t\t<\/div>\n\t\t\t\t\t\t<\/div>\n\t\t\t\t<\/div>\n\t\t\t\t<div class=\"elementor-element elementor-element-5642473 elementor-widget elementor-widget-text-editor\" data-id=\"5642473\" data-element_type=\"widget\" data-e-type=\"widget\" data-widget_type=\"text-editor.default\">\n\t\t\t\t<div class=\"elementor-widget-container\">\n\t\t\t\t\t\t\t\t\t<p style=\"text-align: center;\">Suchen Sie <span style=\"color: #a39f0e;\"><strong>HUNDEFUTTER<\/strong><\/span> dann klicken Sie hier <a href=\"http:\/\/www.djurcom.ch\" data-cke-saved-href=\"http:\/\/www.djurcom.ch\"><strong>www.djurcom.ch<\/strong><\/a><\/p>\t\t\t\t\t\t\t\t<\/div>\n\t\t\t\t<\/div>\n\t\t\t\t<div class=\"elementor-element elementor-element-aff7d8b elementor-widget elementor-widget-heading\" data-id=\"aff7d8b\" data-element_type=\"widget\" data-e-type=\"widget\" data-widget_type=\"heading.default\">\n\t\t\t\t<div class=\"elementor-widget-container\">\n\t\t\t\t\t<h2 class=\"elementor-heading-title elementor-size-default\">Herzlich Wilkommen bei Dalmatiner von Fischingertal.<\/h2>\t\t\t\t<\/div>\n\t\t\t\t<\/div>\n\t\t\t\t<div class=\"elementor-element elementor-element-2a66786 elementor-widget elementor-widget-text-editor\" data-id=\"2a66786\" data-element_type=\"widget\" data-e-type=\"widget\" data-widget_type=\"text-editor.default\">\n\t\t\t\t<div class=\"elementor-widget-container\">\n\t\t\t\t\t\t\t\t\t<h2 style=\"text-align: center;\"><span style=\"color: #0000ff;\"><strong>Den n\u00e4chsten Wurf planen wir f\u00fcr <br \/><span style=\"color: #ff0000;\">Fr\u00fchling 2027.<\/span><br \/>Bei Interesse bitte fr\u00fchzeitig <br \/>bei uns melden.<\/strong><\/span><\/h2><h2 style=\"text-align: center;\"><span style=\"color: #0000ff;\"><strong>Wir freuen uns jetzt schon.<\/strong><\/span><\/h2>\t\t\t\t\t\t\t\t<\/div>\n\t\t\t\t<\/div>\n\t\t\t\t<div class=\"elementor-element elementor-element-61843c9 elementor-widget elementor-widget-text-editor\" data-id=\"61843c9\" data-element_type=\"widget\" data-e-type=\"widget\" data-widget_type=\"text-editor.default\">\n\t\t\t\t<div class=\"elementor-widget-container\">\n\t\t\t\t\t\t\t\t\t<div><p style=\"text-align: center;\">Unsere Zucht untersteht dem\u00a0<a href=\"http:\/\/www.dalmatiner.ch\" target=\"_blank\" rel=\"noopener\">SDC<\/a>\u00a0(Schweizerischer\u00a0Dalmatiner-Club).<br \/>Somit ist gew\u00e4hrleistet, dass unsere Zucht mit gesch\u00fctztem<br \/>Zuchtnamen SKG\/FCI sowie SKG\/FCI Papieren <br \/>vollumf\u00e4nglich und nach strengen Richtlinien kontrolliert und betreut wird.<strong>\u200b\u200b\u200b\u200b\u200b\u200b\u200b\u200b\u200b\u200b\u200b\u200b\u200b\u200b<\/strong><\/p><\/div>\t\t\t\t\t\t\t\t<\/div>\n\t\t\t\t<\/div>\n\t\t<div class=\"elementor-element elementor-element-c66e00f e-con-full e-flex e-con e-child\" data-id=\"c66e00f\" data-element_type=\"container\" data-e-type=\"container\">\n\t\t<div class=\"elementor-element elementor-element-386b9ae e-con-full e-flex e-con e-child\" data-id=\"386b9ae\" data-element_type=\"container\" data-e-type=\"container\">\n\t\t\t\t<div class=\"elementor-element elementor-element-f31ed23 elementor-widget elementor-widget-image\" data-id=\"f31ed23\" data-element_type=\"widget\" data-e-type=\"widget\" data-widget_type=\"image.default\">\n\t\t\t\t<div class=\"elementor-widget-container\">\n\t\t\t\t\t\t\t\t\t\t\t\t\t\t\t<img decoding=\"async\" width=\"453\" height=\"115\" src=\"https:\/\/www.dalmatiner-von-fischingertal.ch\/cms\/wp-content\/uploads\/2024\/07\/9846851-Primafu-8f14e.jpg\" class=\"attachment-large size-large wp-image-18\" alt=\"\" srcset=\"https:\/\/www.dalmatiner-von-fischingertal.ch\/cms\/wp-content\/uploads\/2024\/07\/9846851-Primafu-8f14e.jpg 453w, https:\/\/www.dalmatiner-von-fischingertal.ch\/cms\/wp-content\/uploads\/2024\/07\/9846851-Primafu-8f14e-300x76.jpg 300w\" sizes=\"(max-width: 453px) 100vw, 453px\" \/>\t\t\t\t\t\t\t\t\t\t\t\t\t\t\t<\/div>\n\t\t\t\t<\/div>\n\t\t\t\t<\/div>\n\t\t<div class=\"elementor-element elementor-element-1023ffd e-con-full e-flex e-con e-child\" data-id=\"1023ffd\" data-element_type=\"container\" data-e-type=\"container\">\n\t\t\t\t<div class=\"elementor-element elementor-element-cba87a0 elementor-widget elementor-widget-image\" data-id=\"cba87a0\" data-element_type=\"widget\" data-e-type=\"widget\" data-widget_type=\"image.default\">\n\t\t\t\t<div class=\"elementor-widget-container\">\n\t\t\t\t\t\t\t\t\t\t\t\t\t\t\t<img decoding=\"async\" width=\"324\" height=\"134\" src=\"https:\/\/www.dalmatiner-von-fischingertal.ch\/cms\/wp-content\/uploads\/2024\/07\/11848544-SDC-8f14e.png\" class=\"attachment-large size-large wp-image-19\" alt=\"\" srcset=\"https:\/\/www.dalmatiner-von-fischingertal.ch\/cms\/wp-content\/uploads\/2024\/07\/11848544-SDC-8f14e.png 324w, https:\/\/www.dalmatiner-von-fischingertal.ch\/cms\/wp-content\/uploads\/2024\/07\/11848544-SDC-8f14e-300x124.png 300w\" sizes=\"(max-width: 324px) 100vw, 324px\" \/>\t\t\t\t\t\t\t\t\t\t\t\t\t\t\t<\/div>\n\t\t\t\t<\/div>\n\t\t\t\t<\/div>\n\t\t<div class=\"elementor-element elementor-element-d7fb2e2 e-con-full e-flex e-con e-child\" data-id=\"d7fb2e2\" data-element_type=\"container\" data-e-type=\"container\">\n\t\t\t\t<div class=\"elementor-element elementor-element-897a7f7 elementor-widget elementor-widget-image\" data-id=\"897a7f7\" data-element_type=\"widget\" data-e-type=\"widget\" data-widget_type=\"image.default\">\n\t\t\t\t<div class=\"elementor-widget-container\">\n\t\t\t\t\t\t\t\t\t\t\t\t\t\t\t<img loading=\"lazy\" decoding=\"async\" width=\"549\" height=\"152\" src=\"https:\/\/www.dalmatiner-von-fischingertal.ch\/cms\/wp-content\/uploads\/2024\/07\/10033679-SKG-Logo1-e4da3.png\" class=\"attachment-large size-large wp-image-17\" alt=\"\" srcset=\"https:\/\/www.dalmatiner-von-fischingertal.ch\/cms\/wp-content\/uploads\/2024\/07\/10033679-SKG-Logo1-e4da3.png 549w, https:\/\/www.dalmatiner-von-fischingertal.ch\/cms\/wp-content\/uploads\/2024\/07\/10033679-SKG-Logo1-e4da3-300x83.png 300w\" sizes=\"(max-width: 549px) 100vw, 549px\" \/>\t\t\t\t\t\t\t\t\t\t\t\t\t\t\t<\/div>\n\t\t\t\t<\/div>\n\t\t\t\t<div class=\"elementor-element elementor-element-04c9425 elementor-widget__width-initial elementor-widget elementor-widget-image\" data-id=\"04c9425\" data-element_type=\"widget\" data-e-type=\"widget\" data-widget_type=\"image.default\">\n\t\t\t\t<div class=\"elementor-widget-container\">\n\t\t\t\t\t\t\t\t\t\t\t\t\t\t\t<img loading=\"lazy\" decoding=\"async\" width=\"1024\" height=\"768\" src=\"https:\/\/www.dalmatiner-von-fischingertal.ch\/cms\/wp-content\/uploads\/2025\/06\/IMG_1200-1024x768.jpg\" class=\"attachment-large size-large wp-image-1599\" alt=\"\" srcset=\"https:\/\/www.dalmatiner-von-fischingertal.ch\/cms\/wp-content\/uploads\/2025\/06\/IMG_1200-1024x768.jpg 1024w, https:\/\/www.dalmatiner-von-fischingertal.ch\/cms\/wp-content\/uploads\/2025\/06\/IMG_1200-300x225.jpg 300w, https:\/\/www.dalmatiner-von-fischingertal.ch\/cms\/wp-content\/uploads\/2025\/06\/IMG_1200-768x576.jpg 768w, https:\/\/www.dalmatiner-von-fischingertal.ch\/cms\/wp-content\/uploads\/2025\/06\/IMG_1200-1536x1152.jpg 1536w, https:\/\/www.dalmatiner-von-fischingertal.ch\/cms\/wp-content\/uploads\/2025\/06\/IMG_1200-2048x1536.jpg 2048w\" sizes=\"(max-width: 1024px) 100vw, 1024px\" \/>\t\t\t\t\t\t\t\t\t\t\t\t\t\t\t<\/div>\n\t\t\t\t<\/div>\n\t\t\t\t<\/div>\n\t\t<div class=\"elementor-element elementor-element-ebef5e7 e-con-full e-flex e-con e-child\" data-id=\"ebef5e7\" data-element_type=\"container\" data-e-type=\"container\">\n\t\t\t\t<div class=\"elementor-element elementor-element-68ef1f2 elementor-widget elementor-widget-image\" data-id=\"68ef1f2\" data-element_type=\"widget\" data-e-type=\"widget\" data-widget_type=\"image.default\">\n\t\t\t\t<div class=\"elementor-widget-container\">\n\t\t\t\t\t\t\t\t\t\t\t\t\t\t\t<img loading=\"lazy\" decoding=\"async\" width=\"448\" height=\"430\" src=\"https:\/\/www.dalmatiner-von-fischingertal.ch\/cms\/wp-content\/uploads\/2024\/07\/10033682-FCI_logo1-c9f0f.jpg\" class=\"attachment-large size-large wp-image-16\" alt=\"\" srcset=\"https:\/\/www.dalmatiner-von-fischingertal.ch\/cms\/wp-content\/uploads\/2024\/07\/10033682-FCI_logo1-c9f0f.jpg 448w, https:\/\/www.dalmatiner-von-fischingertal.ch\/cms\/wp-content\/uploads\/2024\/07\/10033682-FCI_logo1-c9f0f-300x288.jpg 300w\" sizes=\"(max-width: 448px) 100vw, 448px\" \/>\t\t\t\t\t\t\t\t\t\t\t\t\t\t\t<\/div>\n\t\t\t\t<\/div>\n\t\t\t\t<\/div>\n\t\t\t\t<\/div>\n\t\t<div class=\"elementor-element elementor-element-380404b e-con-full e-flex e-con e-child\" data-id=\"380404b\" data-element_type=\"container\" data-e-type=\"container\">\n\t\t<div class=\"elementor-element elementor-element-1e24cc3 e-con-full e-flex e-con e-child\" data-id=\"1e24cc3\" data-element_type=\"container\" data-e-type=\"container\">\n\t\t\t\t<div class=\"elementor-element elementor-element-a34b4a4 elementor-widget elementor-widget-image\" data-id=\"a34b4a4\" data-element_type=\"widget\" data-e-type=\"widget\" data-widget_type=\"image.default\">\n\t\t\t\t<div class=\"elementor-widget-container\">\n\t\t\t\t\t\t\t\t\t\t\t\t\t\t\t<img loading=\"lazy\" decoding=\"async\" width=\"1024\" height=\"737\" src=\"https:\/\/www.dalmatiner-von-fischingertal.ch\/cms\/wp-content\/uploads\/2025\/07\/Internationaler-Veteranen-Schoenheitschampion-1024x737.jpg\" class=\"attachment-large size-large wp-image-1633\" alt=\"\" srcset=\"https:\/\/www.dalmatiner-von-fischingertal.ch\/cms\/wp-content\/uploads\/2025\/07\/Internationaler-Veteranen-Schoenheitschampion-1024x737.jpg 1024w, https:\/\/www.dalmatiner-von-fischingertal.ch\/cms\/wp-content\/uploads\/2025\/07\/Internationaler-Veteranen-Schoenheitschampion-300x216.jpg 300w, https:\/\/www.dalmatiner-von-fischingertal.ch\/cms\/wp-content\/uploads\/2025\/07\/Internationaler-Veteranen-Schoenheitschampion-768x553.jpg 768w, https:\/\/www.dalmatiner-von-fischingertal.ch\/cms\/wp-content\/uploads\/2025\/07\/Internationaler-Veteranen-Schoenheitschampion-rotated.jpg 1132w\" sizes=\"(max-width: 1024px) 100vw, 1024px\" \/>\t\t\t\t\t\t\t\t\t\t\t\t\t\t\t<\/div>\n\t\t\t\t<\/div>\n\t\t\t\t<\/div>\n\t\t\t\t<\/div>\n\t\t<div class=\"elementor-element elementor-element-6dddf87 e-con-full e-flex e-con e-child\" data-id=\"6dddf87\" data-element_type=\"container\" data-e-type=\"container\">\n\t\t<div class=\"elementor-element elementor-element-c1c8b03 e-con-full e-flex e-con e-child\" data-id=\"c1c8b03\" data-element_type=\"container\" data-e-type=\"container\">\n\t\t\t\t<div class=\"elementor-element elementor-element-d5f944f elementor-widget elementor-widget-image\" data-id=\"d5f944f\" data-element_type=\"widget\" data-e-type=\"widget\" data-widget_type=\"image.default\">\n\t\t\t\t<div class=\"elementor-widget-container\">\n\t\t\t\t\t\t\t\t\t\t\t\t\t\t\t<img loading=\"lazy\" decoding=\"async\" width=\"1024\" height=\"737\" src=\"https:\/\/www.dalmatiner-von-fischingertal.ch\/cms\/wp-content\/uploads\/2025\/06\/SDC_Schoenheitssieger_2024_Oani-1024x737.jpg\" class=\"attachment-large size-large wp-image-1607\" alt=\"\" srcset=\"https:\/\/www.dalmatiner-von-fischingertal.ch\/cms\/wp-content\/uploads\/2025\/06\/SDC_Schoenheitssieger_2024_Oani-1024x737.jpg 1024w, https:\/\/www.dalmatiner-von-fischingertal.ch\/cms\/wp-content\/uploads\/2025\/06\/SDC_Schoenheitssieger_2024_Oani-300x216.jpg 300w, https:\/\/www.dalmatiner-von-fischingertal.ch\/cms\/wp-content\/uploads\/2025\/06\/SDC_Schoenheitssieger_2024_Oani-768x553.jpg 768w, https:\/\/www.dalmatiner-von-fischingertal.ch\/cms\/wp-content\/uploads\/2025\/06\/SDC_Schoenheitssieger_2024_Oani-1536x1105.jpg 1536w, https:\/\/www.dalmatiner-von-fischingertal.ch\/cms\/wp-content\/uploads\/2025\/06\/SDC_Schoenheitssieger_2024_Oani-2048x1473.jpg 2048w\" sizes=\"(max-width: 1024px) 100vw, 1024px\" \/>\t\t\t\t\t\t\t\t\t\t\t\t\t\t\t<\/div>\n\t\t\t\t<\/div>\n\t\t\t\t<\/div>\n\t\t<div class=\"elementor-element elementor-element-bbfc8b5 e-con-full e-flex e-con e-child\" data-id=\"bbfc8b5\" data-element_type=\"container\" data-e-type=\"container\">\n\t\t\t\t<div class=\"elementor-element elementor-element-0d8c26c elementor-widget elementor-widget-image\" data-id=\"0d8c26c\" data-element_type=\"widget\" data-e-type=\"widget\" data-widget_type=\"image.default\">\n\t\t\t\t<div class=\"elementor-widget-container\">\n\t\t\t\t\t\t\t\t\t\t\t\t\t\t\t<img loading=\"lazy\" decoding=\"async\" width=\"1024\" height=\"737\" src=\"https:\/\/www.dalmatiner-von-fischingertal.ch\/cms\/wp-content\/uploads\/2025\/06\/SDC_Veteranensieger_2024_Brooklyn-1024x737.jpg\" class=\"attachment-large size-large wp-image-1608\" alt=\"\" srcset=\"https:\/\/www.dalmatiner-von-fischingertal.ch\/cms\/wp-content\/uploads\/2025\/06\/SDC_Veteranensieger_2024_Brooklyn-1024x737.jpg 1024w, https:\/\/www.dalmatiner-von-fischingertal.ch\/cms\/wp-content\/uploads\/2025\/06\/SDC_Veteranensieger_2024_Brooklyn-300x216.jpg 300w, https:\/\/www.dalmatiner-von-fischingertal.ch\/cms\/wp-content\/uploads\/2025\/06\/SDC_Veteranensieger_2024_Brooklyn-768x553.jpg 768w, https:\/\/www.dalmatiner-von-fischingertal.ch\/cms\/wp-content\/uploads\/2025\/06\/SDC_Veteranensieger_2024_Brooklyn-1536x1105.jpg 1536w, https:\/\/www.dalmatiner-von-fischingertal.ch\/cms\/wp-content\/uploads\/2025\/06\/SDC_Veteranensieger_2024_Brooklyn-2048x1473.jpg 2048w\" sizes=\"(max-width: 1024px) 100vw, 1024px\" \/>\t\t\t\t\t\t\t\t\t\t\t\t\t\t\t<\/div>\n\t\t\t\t<\/div>\n\t\t\t\t<\/div>\n\t\t\t\t<\/div>\n\t\t<div class=\"elementor-element elementor-element-586fe2e e-con-full e-flex e-con e-child\" data-id=\"586fe2e\" data-element_type=\"container\" data-e-type=\"container\">\n\t\t<div class=\"elementor-element elementor-element-7a0072e e-con-full e-flex e-con e-child\" data-id=\"7a0072e\" data-element_type=\"container\" data-e-type=\"container\">\n\t\t\t\t<div class=\"elementor-element elementor-element-3c45d03 elementor-widget elementor-widget-image\" data-id=\"3c45d03\" data-element_type=\"widget\" data-e-type=\"widget\" data-widget_type=\"image.default\">\n\t\t\t\t<div class=\"elementor-widget-container\">\n\t\t\t\t\t\t\t\t\t\t\t\t\t\t\t<img loading=\"lazy\" decoding=\"async\" width=\"1024\" height=\"725\" src=\"https:\/\/www.dalmatiner-von-fischingertal.ch\/cms\/wp-content\/uploads\/2024\/07\/12180491-SDC_Schoenheitssieger_2022_Oani-8f14e-1024x725.jpg\" class=\"attachment-large size-large wp-image-20\" alt=\"\" srcset=\"https:\/\/www.dalmatiner-von-fischingertal.ch\/cms\/wp-content\/uploads\/2024\/07\/12180491-SDC_Schoenheitssieger_2022_Oani-8f14e-1024x725.jpg 1024w, https:\/\/www.dalmatiner-von-fischingertal.ch\/cms\/wp-content\/uploads\/2024\/07\/12180491-SDC_Schoenheitssieger_2022_Oani-8f14e-300x212.jpg 300w, https:\/\/www.dalmatiner-von-fischingertal.ch\/cms\/wp-content\/uploads\/2024\/07\/12180491-SDC_Schoenheitssieger_2022_Oani-8f14e-768x544.jpg 768w, https:\/\/www.dalmatiner-von-fischingertal.ch\/cms\/wp-content\/uploads\/2024\/07\/12180491-SDC_Schoenheitssieger_2022_Oani-8f14e-rotated.jpg 1123w\" sizes=\"(max-width: 1024px) 100vw, 1024px\" \/>\t\t\t\t\t\t\t\t\t\t\t\t\t\t\t<\/div>\n\t\t\t\t<\/div>\n\t\t\t\t<\/div>\n\t\t<div class=\"elementor-element elementor-element-79bba47 e-con-full e-flex e-con e-child\" data-id=\"79bba47\" data-element_type=\"container\" data-e-type=\"container\">\n\t\t\t\t<div class=\"elementor-element elementor-element-44027e0 elementor-widget elementor-widget-image\" data-id=\"44027e0\" data-element_type=\"widget\" data-e-type=\"widget\" data-widget_type=\"image.default\">\n\t\t\t\t<div class=\"elementor-widget-container\">\n\t\t\t\t\t\t\t\t\t\t\t\t\t\t\t<img loading=\"lazy\" decoding=\"async\" width=\"1024\" height=\"725\" src=\"https:\/\/www.dalmatiner-von-fischingertal.ch\/cms\/wp-content\/uploads\/2024\/07\/12180494-SDC_Veteranensieger_2022_Brooklyn-aab32-1024x725.jpg\" class=\"attachment-large size-large wp-image-21\" alt=\"\" srcset=\"https:\/\/www.dalmatiner-von-fischingertal.ch\/cms\/wp-content\/uploads\/2024\/07\/12180494-SDC_Veteranensieger_2022_Brooklyn-aab32-1024x725.jpg 1024w, https:\/\/www.dalmatiner-von-fischingertal.ch\/cms\/wp-content\/uploads\/2024\/07\/12180494-SDC_Veteranensieger_2022_Brooklyn-aab32-300x212.jpg 300w, https:\/\/www.dalmatiner-von-fischingertal.ch\/cms\/wp-content\/uploads\/2024\/07\/12180494-SDC_Veteranensieger_2022_Brooklyn-aab32-768x544.jpg 768w, https:\/\/www.dalmatiner-von-fischingertal.ch\/cms\/wp-content\/uploads\/2024\/07\/12180494-SDC_Veteranensieger_2022_Brooklyn-aab32-rotated.jpg 1123w\" sizes=\"(max-width: 1024px) 100vw, 1024px\" \/>\t\t\t\t\t\t\t\t\t\t\t\t\t\t\t<\/div>\n\t\t\t\t<\/div>\n\t\t\t\t<\/div>\n\t\t\t\t<\/div>\n\t\t\t\t<div class=\"elementor-element elementor-element-2d53267 elementor-widget elementor-widget-text-editor\" data-id=\"2d53267\" data-element_type=\"widget\" data-e-type=\"widget\" data-widget_type=\"text-editor.default\">\n\t\t\t\t<div class=\"elementor-widget-container\">\n\t\t\t\t\t\t\t\t\t<p>Sie suchen einen Dalmatiner von einer Zucht aus der Schweiz, als neues Familienmitglied aus streng kontrollierter SKG-Zucht aus guten Verpaarungen, in Bezug auf Gesundheit, Wesen &amp; Exterieur und ein Hundeleben lang kompetente rassespezifische Beratung in Gesundheits-, Ausbildungs-, Ern\u00e4hrungs- &amp; Zuchtfragen? Dann sind Sie bei uns richtig!<br \/>In unserer Zucht streben wir in besonderem Ma\u00dfe an, gesunde, wesensfeste und familienfreundliche Dalmatiner zu z\u00fcchten, sei es f\u00fcr die Familie, Hundesport, Ausstellung oder auch Zucht, die in hohem Ma\u00dfe dem Rassestandard entsprechen, mit einem ausdrucksstarken, harmonischen Gesamterscheinungsbild, edlem, athletischem und harmonischem K\u00f6rperbau, kr\u00e4ftigen Knochen, starkem Pigment und einem erstklassigen Bewegungsablauf, denn Gesundheit und Langlebigkeit stehen u. a. auch in direktem Zusammenhang mit einem einwandfreien korrekten K\u00f6rperbau.<br \/>Diese Zuchtziele versuchen wir durch wohldurchdachte Auswahl der Elterntiere zu erreichen. Denn unser h\u00f6chstes Ziel ist es, die Rasse Dalmatiner zu erhalten und zu f\u00f6rdern. Dieses Ziel ist nur mittels \u00fcberlegter Selektion der Elterntiere und nach strengen Kriterien ausgew\u00e4hlten Nachzuchthunden m\u00f6glich.<br \/>Wir bedanken uns herzlich f\u00fcr Ihren Besuch auf unserer Homepage &#171;Dalmatiner von Fischingertal&#187; und hoffen, dass wir Ihnen sinnvolle Informationen \u00fcber die Hunderasse und unsere Einstellung zur Dalmatinerzucht vermitteln k\u00f6nnen. Wenn Sie noch Fragen haben zu Dalmatiner\/Zucht, Deckr\u00fcden, Hundeausbildung, Ausstellen von Hunden, Rohfleischf\u00fctterung f\u00fcr Dalmatiner oder Sonstiges, scheuen Sie sich nicht, uns in Anspruch zu nehmen.<\/p>\t\t\t\t\t\t\t\t<\/div>\n\t\t\t\t<\/div>\n\t\t<div class=\"elementor-element elementor-element-056defc e-con-full e-flex e-con e-child\" data-id=\"056defc\" data-element_type=\"container\" data-e-type=\"container\">\n\t\t<div class=\"elementor-element elementor-element-08373f7 e-con-full e-flex e-con e-child\" data-id=\"08373f7\" data-element_type=\"container\" data-e-type=\"container\">\n\t\t\t\t<div class=\"elementor-element elementor-element-16e3c15 elementor-widget elementor-widget-text-editor\" data-id=\"16e3c15\" data-element_type=\"widget\" data-e-type=\"widget\" data-widget_type=\"text-editor.default\">\n\t\t\t\t<div class=\"elementor-widget-container\">\n\t\t\t\t\t\t\t\t\t<p>\u200bErste Abbildungen von dalmatiner\u00e4hnlichen Hunden gibt es schon in \u00e4gyptischen Pharaonengr\u00e4bern. Manche Vermutungen gehen davon aus, dass der Dalmatiner von Indien \u00fcber \u00c4gypten und Griechenland in den westlichen Mittelmeerbereich und von dort nach Frankreich und England eingef\u00fchrt wurde. In England war er w\u00e4hrend der viktorianischen Zeit als Kutschenbegleithund sehr popul\u00e4r. Sp\u00e4ter wurde er zum Maskottchen der New Yorker Feuerwehr, indem er den im 19. Jahrhundert noch von Pferden gezogenen Feuerwehrwagen als lebende Sirene voraus lief.<\/p>\t\t\t\t\t\t\t\t<\/div>\n\t\t\t\t<\/div>\n\t\t\t\t<\/div>\n\t\t<div class=\"elementor-element elementor-element-187d81a e-con-full e-flex e-con e-child\" data-id=\"187d81a\" data-element_type=\"container\" data-e-type=\"container\">\n\t\t\t\t<div class=\"elementor-element elementor-element-aa7e287 elementor-widget elementor-widget-video\" data-id=\"aa7e287\" data-element_type=\"widget\" data-e-type=\"widget\" data-settings=\"{&quot;youtube_url&quot;:&quot;https:\\\/\\\/youtu.be\\\/OFVHyhWrGeQ&quot;,&quot;video_type&quot;:&quot;youtube&quot;,&quot;controls&quot;:&quot;yes&quot;}\" data-widget_type=\"video.default\">\n\t\t\t\t<div class=\"elementor-widget-container\">\n\t\t\t\t\t\t\t<div class=\"elementor-wrapper elementor-open-inline\">\n\t\t\t<div class=\"elementor-video\"><\/div>\t\t<\/div>\n\t\t\t\t\t\t<\/div>\n\t\t\t\t<\/div>\n\t\t\t\t<\/div>\n\t\t\t\t<\/div>\n\t\t\t\t<div class=\"elementor-element elementor-element-51b64ac elementor-widget elementor-widget-spacer\" data-id=\"51b64ac\" data-element_type=\"widget\" data-e-type=\"widget\" data-widget_type=\"spacer.default\">\n\t\t\t\t<div class=\"elementor-widget-container\">\n\t\t\t\t\t\t\t<div class=\"elementor-spacer\">\n\t\t\t<div class=\"elementor-spacer-inner\"><\/div>\n\t\t<\/div>\n\t\t\t\t\t\t<\/div>\n\t\t\t\t<\/div>\n\t\t\t\t\t<\/div>\n\t\t\t\t<\/div>\n\t\t\t\t<\/div>\n\t\t","protected":false},"excerpt":{"rendered":"<p>Suchen Sie HUNDEFUTTER dann klicken Sie hier www.djurcom.ch Herzlich Wilkommen bei Dalmatiner von Fischingertal. Den n\u00e4chsten Wurf planen wir f\u00fcr Fr\u00fchling 2027.Bei Interesse bitte fr\u00fchzeitig bei uns melden. Wir freuen uns jetzt schon. Unsere Zucht untersteht dem\u00a0SDC\u00a0(Schweizerischer\u00a0Dalmatiner-Club).Somit ist gew\u00e4hrleistet, dass unsere Zucht mit gesch\u00fctztemZuchtnamen SKG\/FCI sowie SKG\/FCI Papieren vollumf\u00e4nglich und nach strengen Richtlinien kontrolliert und&hellip;&nbsp;<\/p>\n","protected":false},"author":1,"featured_media":0,"parent":0,"menu_order":0,"comment_status":"closed","ping_status":"closed","template":"page-templates\/template-pagebuilder-full-width.php","meta":{"neve_meta_sidebar":"","neve_meta_container":"","neve_meta_enable_content_width":"","neve_meta_content_width":0,"neve_meta_title_alignment":"","neve_meta_author_avatar":"","neve_post_elements_order":"","neve_meta_disable_header":"","neve_meta_disable_footer":"","neve_meta_disable_title":"","footnotes":""},"class_list":["post-10","page","type-page","status-publish","hentry"],"_links":{"self":[{"href":"https:\/\/www.dalmatiner-von-fischingertal.ch\/cms\/wp-json\/wp\/v2\/pages\/10","targetHints":{"allow":["GET"]}}],"collection":[{"href":"https:\/\/www.dalmatiner-von-fischingertal.ch\/cms\/wp-json\/wp\/v2\/pages"}],"about":[{"href":"https:\/\/www.dalmatiner-von-fischingertal.ch\/cms\/wp-json\/wp\/v2\/types\/page"}],"author":[{"embeddable":true,"href":"https:\/\/www.dalmatiner-von-fischingertal.ch\/cms\/wp-json\/wp\/v2\/users\/1"}],"replies":[{"embeddable":true,"href":"https:\/\/www.dalmatiner-von-fischingertal.ch\/cms\/wp-json\/wp\/v2\/comments?post=10"}],"version-history":[{"count":97,"href":"https:\/\/www.dalmatiner-von-fischingertal.ch\/cms\/wp-json\/wp\/v2\/pages\/10\/revisions"}],"predecessor-version":[{"id":1822,"href":"https:\/\/www.dalmatiner-von-fischingertal.ch\/cms\/wp-json\/wp\/v2\/pages\/10\/revisions\/1822"}],"wp:attachment":[{"href":"https:\/\/www.dalmatiner-von-fischingertal.ch\/cms\/wp-json\/wp\/v2\/media?parent=10"}],"curies":[{"name":"wp","href":"https:\/\/api.w.org\/{rel}","templated":true}]}}